= -6*l. Let g be ((-18)/7)/((l/(-42))/5). Calculate the highest common factor of g and 36.
12
Let c be ((-20)/(-8))/((-7)/(-28)). Suppose -c*k = 63 - 413. Suppose 8 + 6 = 2*u. Calculate the greatest common divisor of u and k.
7
Suppose -30 = 3*l - 0*r + 3*r, -r = 2*l + 22. Let z = l + 16. Let u be z/6*9*4. What is the highest common factor of 16 and u?
8
Suppose 61*k - 54*k - 77 = 0. Calculate the highest common divisor of k and 319.
11
Let s(z) = -z**2 + 26*z - 90. Let l be s(8). What is the greatest common divisor of 198 and l?
18
Suppose 3*r + 174 = 3*b, -70 = -9*b + 8*b + 4*r. Calculate the greatest common divisor of b and 81.
27
Suppose 6*g - 4*g = 700. What is the greatest common factor of 20 and g?
10
Let p be 88*((-1)/3)/(12/162). Let t be p/54*3/(-2). Suppose -o - 3*l = -86, -4*l + 168 - 2 = 2*o. What is the greatest common factor of t and o?
11
Let m = 4282 - 4258. Let y = -15 + 27. Calculate the greatest common factor of y and m.
12
Let l(b) = 7*b**2 + 3*b - 14. Let t be l(4). Let o = 21 - 11. What is the greatest common divisor of o and t?
10
Let f(u) = 12*u - 376. Let d be f(35). What is the highest common factor of 341 and d?
11
Suppose d = 13 + 9. Let r = 4778 + -4635. What is the greatest common divisor of r and d?
11
Let g = 78 + -183. Let c be ((-150)/45)/(2/g). Calculate the highest common factor of c and 35.
35
Suppose -7*i + 20*i + 195 = 0. Let b be (i + 4)/(1/(-3)) + -3. Calculate the greatest common factor of 12 and b.
6
Let g(h) = -2*h - 4. Let u be g(-3). Let b(t) = 4*t + 0*t**2 + t**2 - 1 + 2*t**u. Let a be b(-3). Calculate the highest common divisor of a and 28.
14
Suppose -8*b = -5*b - 15. Let f be 358/b - (85/(-25) - -3). Suppose 5*y + 3*t + 13 - 52 = 0, y - t = 11. Calculate the highest common divisor of f and y.
9
Suppose -12 = -u - 3*k - k, -12 = -2*u - 2*k. What is the highest common divisor of 30 and u?
2
Let l = 715 + -559. What is the greatest common factor of 117 and l?
39
Let o(m) = -m**2 + 4*m + 13. Let s be o(7). Let r = s - -19. What is the greatest common factor of r and 88?
11
Let x(r) = r**3 - 26*r**2 + 24*r + 46. Let h be x(25). What is the highest common divisor of 609 and h?
21
Let b(q) = q**3 + 33*q**2 + 26*q + 334. Let m be b(-29). Calculate the greatest common divisor of 23 and m.
23
Suppose 3*b + 2 = -7. Let i = -4 - b. Let h = 9 - i. What is the highest common factor of 30 and h?
10
Suppose t + 3*t - 24 = 0. Suppose 4*m + 21*r = 25*r + 76, -m - 4*r = -44. Calculate the highest common divisor of t and m.
6
Let a(s) = 6*s**2 - 6*s + 7. Let j be a(6). Suppose 12*z - 332 = -z - 111. What is the highest common divisor of z and j?
17
Let n be (1728/(-20))/16*(-4 - 1). Let v(i) = 5*i**2 - 9*i + 9. Let w be v(6). What is the greatest common factor of w and n?
27
Let t(s) = -s**3 + 14*s**2 + 2*s - 20. Let p be t(14). What is the highest common factor of p and 56?
8
Let n = -201 - -211. Suppose -5*o + n = -4*o. Suppose -3*a + 158 = 4*r, 3*a = 4*a - 4*r - 42. What is the greatest common divisor of o and a?
10
Suppose 2*l = 2*b + 3*b - 136, 0 = -4*l - 3*b - 246. Let p = -35 - l. Let d be 196*1/2*2. Calculate the highest common factor of p and d.
28
Suppose 3*n = 6*n - 120. Suppose 8 = 3*x - n. What is the greatest common factor of 16 and x?
16
Suppose -y - 147 + 158 = 0. What is the highest common divisor of y and 22?
11
Let n = 227 + -123. Let r(b) = b**2 + 37*b - 25. Let q be r(-38). Calculate the highest common divisor of q and n.
13
Suppose 5*k + 7*c - 1240 = 12*c, 4*c - 952 = -4*k. What is the highest common divisor of k and 3?
3
Suppose 0 = -4*k - 3*c - 65, 4*k + 4*c - 21 = -81. Let t be (1452/k)/(-3) + 1/(-5). What is the greatest common divisor of t and 120?
24
Let o be 6/4*40/12. Let k(n) = n**2 - 6*n + 11. Let z be k(o). Suppose 3*g = z*g - 27. What is the highest common divisor of g and 63?
9
Suppose 26*c - 2*c - 4128 = 0. What is the highest common factor of 4 and c?
4
Let v = -15 + 12. Let j be -3 + v/3 - -28. Let b be 1*(-7 - -4) - 684/(-4). Calculate the highest common divisor of b and j.
24
Let v = -128 + 155. What is the highest common factor of v and 135?
27
Suppose 0 = -3*j + 19 - 4. Let a(i) be the first derivative of -2*i**2 - 8*i + 6. Let s be a(-7). What is the highest common factor of s and j?
5
Suppose -5*p + u + 636 = 0, 0 = 3*p - 6*p + u + 380. What is the highest common factor of p and 32?
32
Let u(h) = -8 + 2 - h + 2. Let w be u(-10). Let o = 11 - w. Calculate the highest common divisor of 40 and o.
5
Let b(p) be the first derivative of 6*p**2 - 21*p + 2. Let h be b(8). Calculate the highest common factor of h and 15.
15
Suppose 0 = x + 3*x + 4*s - 384, -s = 4. Suppose 104 = 8*w - 56. Calculate the highest common divisor of x and w.
20
Suppose -5*i + 8 = -i. Let n be (-2)/(-5) + i/(-5). Suppose 0 = -5*m + 3*d + 28, n = -m - m - 2*d + 24. What is the greatest common divisor of 16 and m?
8
Let r(h) = -3*h**2 + h + 4. Let n be r(2). Let g be 585/6 + (-3)/n. What is the highest common divisor of g and 14?
14
Suppose 5*w - 3*v = 2*w + 183, -3*w - 2*v + 193 = 0. Suppose -3*h + 2*n + 27 = 0, -2*n - 41 = -5*h - 0*h. Calculate the highest common factor of w and h.
7
Let c = -2135 + 5743. What is the greatest common divisor of c and 88?
88
Let a be (-2)/((-4 + 84/20)*1). Suppose -4*p + q - 78 = 0, -3*p + q = -0*q + 59. Let z = a - p. What is the highest common divisor of 3 and z?
3
Let g be 35/3 - (-2)/(-3). Let c = -7 - -10. Let k(b) = b**3 - 2*b**2 + 2. Let j be k(c). Calculate the highest common factor of j and g.
11
Let s = -41 - -41. Let f = 10 - s. Calculate the highest common divisor of f and 110.
10
Suppose 58*l = 64*l - 108. Calculate the highest common divisor of 513 and l.
9
Let l = 267 + -255. Calculate the greatest common divisor of 84 and l.
12
Let w(l) = 4*l - 2. Let p be w(4). Suppose 0 = -3*f - n + p, -4*f + 0 = -5*n - 6. Let v be f - (-2 + (-8)/2). Calculate the greatest common factor of 10 and v.
10
Let t be (-4 + (-182)/(-21))/((-6)/(-72)). What is the highest common factor of t and 32?
8
Let u(n) = 3*n**2 - n + 2. Let m = -47 + 48. Let t be u(m). Calculate the greatest common divisor of 36 and t.
4
Let t = -280 - -442. Calculate the greatest common factor of 270 and t.
54
Suppose 14 - 104 = 3*a. Let x be (-3 + 1)/(4/a). What is the greatest common factor of 3 and x?
3
Suppose -36 = -1515*c + 1511*c. Let z be (47 - 2)/((-1)/(-3)). Suppose -8*i + z = -3*i. Calculate the greatest common divisor of i and c.
9
Let c(j) = j**3 - 11*j**2 - 11*j - 7. Let g be c(12). Let t be -2 + g - (0 - 41). What is the highest common factor of 66 and t?
22
Let b(y) = 2 - 10*y - 1 + 3 + y**2. Let h be b(10). Let g be (2 + (-10)/6)*12. What is the highest common factor of h and g?
4
Let j = 143 + -143. Suppose 9*l - 465 + 33 = j. What is the greatest common factor of l and 240?
48
Let c = 0 + 2. Suppose 2*t = 5*p - 20, 20 = 3*p + c*p + t. Let n = 2083 - 2079. Calculate the greatest common factor of n and p.
4
Suppose -4*x + 15 = x. Let r(v) = -2 + 4*v - 7*v**3 - 2*v**2 - x*v + 1. Let w be r(-2). Calculate the highest common factor of w and 18.
9
Let z = -206 - -226. What is the highest common factor of z and 1420?
20
Let w(x) = 91*x - 89. Let l be w(3). Calculate the highest common divisor of 138 and l.
46
Suppose 7 = 2*q + 31. Let s = q + 18. Suppose -s = -5*n + 19. What is the greatest common divisor of n and 10?
5
Suppose 0 = -6*m - 5*m + 66. Calculate the highest common divisor of m and 96.
6
Let w(n) = 3*n - 2. Let b be w(3). Let o = -61 + 88. Suppose 0 = -5*v - b + o. What is the greatest common divisor of 20 and v?
4
Let u be (-6 - (-976)/24)*(-6)/(-8). Let n be (-2)/(1 + (-5)/3). Suppose n*q - 260 = -q. Calculate the highest common factor of u and q.
13
Let y be 3/(-9) + 8/6. Let o(z) = -z**2 + 13*z - 12. Let c be o(12). Let d be (1 - (2 - c))*-1. What is the greatest common divisor of d and y?
1
Let k = -147 + 478. Suppose -2*j - r + 238 = 0, -3*j - 3*r + k = -8*r. Let f be -2 + (-1 + -29)/(-2). Calculate the highest common divisor of j and f.
13
Let g(n) = -n**3 - n**2 - 2*n - 3. Let h be g(-2). Suppose u - 4*p = -6, -h*u - 6*p + 20 = -p. What is the greatest common factor of u and 18?
2
Suppose l = -0*l + 38. Calculate the highest common factor of l and 57.
19
Suppose 2*t 